{"id":2,"date":"2025-12-13T21:17:40","date_gmt":"2025-12-13T14:17:40","guid":{"rendered":"https:\/\/www.demo.vietnamweb.asia\/?page_id=2"},"modified":"2025-12-13T21:17:10","modified_gmt":"2025-12-13T14:17:10","slug":"trang-chu","status":"publish","type":"page","link":"https:\/\/5tg88.org\/","title":{"rendered":"5tg88 com &#8211; H\u1ed9i Vi\u00ean M\u1edbi N\u1ea1p \u0110\u1ea7u T\u1eeb 50k Nh\u1eadn Th\u01b0\u1edfng T\u1ed1i \u0110a 18.888k"},"content":{"rendered":"<h2><span style=\"font-size: 110%; color: #f99b1c;\"><strong>TRANG CH\u1ee6 \u0110\u0102NG NH\u1eacP NH\u00c0 C\u00c1I TG88<\/strong><\/span><\/h2>\n<p>Link trang t\u1ed5ng v\u00e0o 5tg88 com ch\u00ednh th\u1ee9c c\u1eadp nh\u1eadt ng\u00e0y h\u00f4m nay m\u1edbi nh\u1ea5t:<\/p>\n<div class=\"row row-small\"  id=\"row-2036390215\">\n\n\t<div id=\"col-216158084\" class=\"col medium-4 small-12 large-4\"  >\n\t\t\t\t<div class=\"col-inner\"  >\n\t\t\t\n\t\t\t\n\t<div class=\"img has-hover x md-x lg-x y md-y lg-y\" id=\"image_1662101224\">\n\t\t<a class=\"\" href=\"https:\/\/te8qc2.pro\/24z7\" >\t\t\t\t\t\t<div class=\"img-inner dark\" >\n\t\t\t<img loading=\"lazy\" decoding=\"async\" width=\"400\" height=\"188\" src=\"https:\/\/5tg88.org\/wp-content\/uploads\/2025\/03\/dang-ky.webp\" class=\"attachment-original size-original\" alt=\"\u0110\u0103ng k\u00fd nh\u00e0 c\u00e1i\" srcset=\"https:\/\/5tg88.org\/wp-content\/uploads\/2025\/03\/dang-ky.webp 400w, https:\/\/5tg88.org\/wp-content\/uploads\/2025\/03\/dang-ky-300x141.webp 300w\" sizes=\"auto, (max-width: 400px) 100vw, 400px\" \/>\t\t\t\t\t\t\n\t\t\t\t\t<\/div>\n\t\t\t\t\t\t<\/a>\t\t\n<style>\n#image_1662101224 {\n  width: 100%;\n}\n<\/style>\n\t<\/div>\n\t\n\t\t<\/div>\n\t\t\t\t\t<\/div>\n\n\t\n\n\t<div id=\"col-1804094674\" class=\"col medium-4 small-12 large-4\"  >\n\t\t\t\t<div class=\"col-inner\"  >\n\t\t\t\n\t\t\t\n\t<div class=\"img has-hover x md-x lg-x y md-y lg-y\" id=\"image_1955458227\">\n\t\t<a class=\"\" href=\"https:\/\/te8qc2.pro\/24z7\" >\t\t\t\t\t\t<div class=\"img-inner dark\" >\n\t\t\t<img loading=\"lazy\" decoding=\"async\" width=\"400\" height=\"188\" src=\"https:\/\/5tg88.org\/wp-content\/uploads\/2025\/03\/dang-nhap.webp\" class=\"attachment-original size-original\" alt=\"\u0110\u0103ng nh\u1eadp t\u1ea3i app\" srcset=\"https:\/\/5tg88.org\/wp-content\/uploads\/2025\/03\/dang-nhap.webp 400w, https:\/\/5tg88.org\/wp-content\/uploads\/2025\/03\/dang-nhap-300x141.webp 300w\" sizes=\"auto, (max-width: 400px) 100vw, 400px\" \/>\t\t\t\t\t\t\n\t\t\t\t\t<\/div>\n\t\t\t\t\t\t<\/a>\t\t\n<style>\n#image_1955458227 {\n  width: 100%;\n}\n<\/style>\n\t<\/div>\n\t\n\t\t<\/div>\n\t\t\t\t\t<\/div>\n\n\t\n\n\t<div id=\"col-87202767\" class=\"col medium-4 small-12 large-4\"  >\n\t\t\t\t<div class=\"col-inner\"  >\n\t\t\t\n\t\t\t\n\t<div class=\"img has-hover x md-x lg-x y md-y lg-y\" id=\"image_2044373367\">\n\t\t<a class=\"\" href=\"https:\/\/te8qc2.pro\/24z7\" >\t\t\t\t\t\t<div class=\"img-inner dark\" >\n\t\t\t<img loading=\"lazy\" decoding=\"async\" width=\"400\" height=\"188\" src=\"https:\/\/5tg88.org\/wp-content\/uploads\/2025\/03\/khuyen-mai.webp\" class=\"attachment-original size-original\" alt=\"Khuy\u1ebfn m\u00e3i th\u00e0nh vi\u00ean\" srcset=\"https:\/\/5tg88.org\/wp-content\/uploads\/2025\/03\/khuyen-mai.webp 400w, https:\/\/5tg88.org\/wp-content\/uploads\/2025\/03\/khuyen-mai-300x141.webp 300w\" sizes=\"auto, (max-width: 400px) 100vw, 400px\" \/>\t\t\t\t\t\t\n\t\t\t\t\t<\/div>\n\t\t\t\t\t\t<\/a>\t\t\n<style>\n#image_2044373367 {\n  width: 100%;\n}\n<\/style>\n\t<\/div>\n\t\n\t\t<\/div>\n\t\t\t\t\t<\/div>\n\n\t\n<\/div>\n\t<div id=\"gap-658509396\" class=\"gap-element clearfix\" style=\"display:block; height:auto;\">\n\t\t\n<style>\n#gap-658509396 {\n  padding-top: 16px;\n}\n<\/style>\n\t<\/div>\n\t\n\t<div id=\"gap-1453762856\" class=\"gap-element clearfix\" style=\"display:block; height:auto;\">\n\t\t\n<style>\n#gap-1453762856 {\n  padding-top: 15px;\n}\n<\/style>\n\t<\/div>\n\t\n<p><em><strong>Disclaimer (Tuy\u00ean b\u1ed1 mi\u1ec5n tr\u1eeb): <\/strong><\/em>5tg88.org \u0111\u0103ng t\u1ea3i c\u00e1c n\u1ed9i dung nh\u1eb1m m\u1ee5c \u0111\u00edch tham kh\u1ea3o cho c\u00e1 nh\u00e2n tr\u00ean 18 tu\u1ed5i v\u00e0 kh\u00f4ng sinh s\u1ed1ng t\u1ea1i Vi\u1ec7t Nam. Trang web kh\u00f4ng tham gia v\u1eadn h\u00e0nh ho\u1ea1t \u0111\u1ed9ng c\u00e1 c\u01b0\u1ee3c d\u01b0\u1edbi b\u1ea5t k\u1ef3 h\u00ecnh th\u1ee9c n\u00e0o. Ng\u01b0\u1eddi truy c\u1eadp t\u1ef1 ch\u1ecbu tr\u00e1ch nhi\u1ec7m v\u1edbi quy\u1ebft \u0111\u1ecbnh c\u1ee7a m\u00ecnh c\u0169ng nh\u01b0 c\u00e1c h\u1ec7 qu\u1ea3 li\u00ean quan. 5tg88 bet kh\u00f4ng b\u1ea3o \u0111\u1ea3m th\u00f4ng tin lu\u00f4n \u0111\u00fang ho\u00e0n to\u00e0n v\u00e0 kh\u00f4ng ch\u1ecbu ngh\u0129a v\u1ee5 b\u1ed3i th\u01b0\u1eddng n\u1ebfu c\u00f3 thi\u1ec7t h\u1ea1i x\u1ea3y ra.<\/p>\n<h2 class=\"tieu-de uppercase\"><span style=\"color: #3366ff;\"><strong>FAQ &#8211; th\u1eafc m\u1eafc th\u01b0\u1eddng th\u1ea5y khi ch\u01a1i tr\u00ean TG88<\/strong><\/span><\/h2>\n<div class=\"accordion\"><\/div>\n\t<div id=\"accordion-2333491778\" class=\"accordion-item\">\n\t\t<a id=\"accordion-2333491778-label\" class=\"accordion-title plain\" href=\"#accordion-item-%20c\u00f3-nh\u1eefng-\u0111\u01b0\u1eddng-d\u1eabn-truy-c\u1eadp-5-tg88.com-n\u00e0o?-\" aria-expanded=\"false\" aria-controls=\"accordion-2333491778-content\" >\n\t\t\t<button class=\"toggle\" aria-label=\"Chuy\u1ec3n \u0111\u1ed5i\"><i class=\"icon-angle-down\"><\/i><\/button>\n\t\t\t<span> C\u00f3 nh\u1eefng \u0111\u01b0\u1eddng d\u1eabn truy c\u1eadp 5 tg88.com n\u00e0o? <\/span>\n\t\t<\/a>\n\t\t<div id=\"accordion-2333491778-content\" class=\"accordion-inner\" aria-labelledby=\"accordion-2333491778-label\" >\n\t\t\t\n<p><span style=\"color: #3366ff;\">Nh\u00e0 c\u00e1i Ttg88 .com cung c\u1ea5p c\u00e1c \u0111\u01b0\u1eddng d\u1eabn truy c\u1eadp sau:<\/span><\/p>\n<ul>\n<li><span style=\"color: #3366ff;\">5 tg88.com<\/span><\/li>\n<li><span style=\"color: #3366ff;\">5tg88 . casino<\/span><\/li>\n<li><span style=\"color: #3366ff;\">5tg88 .game<\/span><\/li>\n<li><span style=\"color: #3366ff;\">5 tg88.app<\/span><\/li>\n<li><span style=\"color: #3366ff;\">5tg88 .bet<\/span><\/li>\n<li><span style=\"color: #3366ff;\">5tg88.win<\/span><\/li>\n<\/ul>\n<p>#trangchutg88 #dangnhaptg88 #dangkytg88 #taiapptg88 #apptg88 #tg88bet #tg88casino<\/p>\n<p>#trangchu5tg88 #dangnhap5tg88 #dangky5tg88 #taiapp5tg88 #app5tg88 #5tg88bet #5tg88casino<\/p>\n\t\t<\/div>\n\t<\/div>\n\t\n\t<div id=\"accordion-4140321886\" class=\"accordion-item\">\n\t\t<a id=\"accordion-4140321886-label\" class=\"accordion-title plain\" href=\"#accordion-item-c\u00e1ch-nh\u1eadn-khuy\u1ebfn-m\u00e3i-ch\u00e0o-m\u1eebng-t\u00e2n-th\u1ee7-5tg88.casino?\" aria-expanded=\"false\" aria-controls=\"accordion-4140321886-content\" >\n\t\t\t<button class=\"toggle\" aria-label=\"Chuy\u1ec3n \u0111\u1ed5i\"><i class=\"icon-angle-down\"><\/i><\/button>\n\t\t\t<span>C\u00e1ch nh\u1eadn khuy\u1ebfn m\u00e3i ch\u00e0o m\u1eebng t\u00e2n th\u1ee7 5tg88.casino?<\/span>\n\t\t<\/a>\n\t\t<div id=\"accordion-4140321886-content\" class=\"accordion-inner\" aria-labelledby=\"accordion-4140321886-label\" >\n\t\t\t\n<p><span style=\"color: #3366ff;\">Nh\u1eadn khuy\u1ebfn m\u00e3i ch\u00e0o m\u1eebng t\u00e2n th\u1ee7 Tg88 khi \u0111\u00e3 \u0111\u0103ng k\u00fd t\u00e0i kho\u1ea3n l\u1ea7n \u0111\u1ea7u ti\u00ean, th\u00f4ng tin c\u00e1 nh\u00e2n kh\u00f4ng b\u1ecb tr\u00f9ng l\u1eb7p truy c\u1eadp t\u00e0i kho\u1ea3n v\u00e0o h\u00f2m th\u01b0 nh\u1eadn \u01b0u \u0111\u00e3i n\u1ea1p \u0111\u1ea7u 50k nh\u1eadn th\u01b0\u1edfng t\u1ed1i \u0111a \u0111\u1ebfn 18.888k.<\/span><\/p>\n\t\t<\/div>\n\t<\/div>\n\t\n\t<div id=\"accordion-1382279815\" class=\"accordion-item\">\n\t\t<a id=\"accordion-1382279815-label\" class=\"accordion-title plain\" href=\"#accordion-item-t\u1ea3i-app-5-tg88-game-c\u00f3-kh\u00f3-kh\u00f4ng?\" aria-expanded=\"false\" aria-controls=\"accordion-1382279815-content\" >\n\t\t\t<button class=\"toggle\" aria-label=\"Chuy\u1ec3n \u0111\u1ed5i\"><i class=\"icon-angle-down\"><\/i><\/button>\n\t\t\t<span>T\u1ea3i App 5 tg88 game c\u00f3 kh\u00f3 kh\u00f4ng?<\/span>\n\t\t<\/a>\n\t\t<div id=\"accordion-1382279815-content\" class=\"accordion-inner\" aria-labelledby=\"accordion-1382279815-label\" >\n\t\t\t\n<p><span style=\"color: #3366ff;\">T\u1ea3i App Tg88 game v\u00f4 c\u00f9ng \u0111\u01a1n gi\u1ea3n. Ng\u01b0\u1eddi ch\u01a1i ch\u1ec9 c\u1ea7n truy c\u1eadp trang ch\u1ee7 ch\u1ecdn m\u1ee5c t\u1ea3i app sau \u0111\u00f3 ch\u1ecdn h\u1ec7 \u0111i\u1ec1u h\u00e0nh ph\u00f9 h\u1ee3p v\u1edbi thi\u1ebft b\u1ecb \u0111ang d\u00f9ng c\u00e0i \u0111\u1eb7t theo h\u01b0\u1edbng d\u1eabn l\u00e0 ho\u00e0n th\u00e0nh.<\/span><\/p>\n\t\t<\/div>\n\t<\/div>\n\t\n\t<div id=\"accordion-3246136723\" class=\"accordion-item\">\n\t\t<a id=\"accordion-3246136723-label\" class=\"accordion-title plain\" href=\"#accordion-item-ch\u01a1i-5tg88-app-c\u00f3-r\u00fat-\u0111\u01b0\u1ee3c-ti\u1ec1n-kh\u00f4ng?\" aria-expanded=\"false\" aria-controls=\"accordion-3246136723-content\" >\n\t\t\t<button class=\"toggle\" aria-label=\"Chuy\u1ec3n \u0111\u1ed5i\"><i class=\"icon-angle-down\"><\/i><\/button>\n\t\t\t<span>Ch\u01a1i 5tg88 app c\u00f3 r\u00fat \u0111\u01b0\u1ee3c ti\u1ec1n kh\u00f4ng?<\/span>\n\t\t<\/a>\n\t\t<div id=\"accordion-3246136723-content\" class=\"accordion-inner\" aria-labelledby=\"accordion-3246136723-label\" >\n\t\t\t\n<p><span style=\"color: #3366ff;\">Ng\u01b0\u1eddi ch\u01a1i Tg88 app ho\u00e0n to\u00e0n r\u00fat \u0111\u01b0\u1ee3c ti\u1ec1n khi \u0111\u00e3 \u0111\u1ee7 \u0111i\u1ec1u ki\u1ec7n th\u01b0\u1eddng th\u00ec sau 1 v\u00f2ng c\u01b0\u1ee3c ho\u1eb7c s\u1ed1 v\u00f2ng c\u01b0\u1ee3c c\u1ee7a nh\u1eefng ch\u01b0\u01a1ng tr\u00ecnh khuy\u1ebfn m\u00e3i \u0111\u00e3 th\u00f4ng b\u00e1o chi ti\u1ebft \u0111\u1ebfn ng\u01b0\u1eddi ch\u01a1i.<\/span><\/p>\n\t\t<\/div>\n\t<\/div>\n\t\n<p>&nbsp;<\/p>\n","protected":false},"excerpt":{"rendered":"<p>TRANG CH\u1ee6 \u0110\u0102NG NH\u1eacP NH\u00c0 C\u00c1I TG88 Link trang t\u1ed5ng v\u00e0o 5tg88 com ch\u00ednh th\u1ee9c c\u1eadp nh\u1eadt ng\u00e0y h\u00f4m nay m\u1edbi nh\u1ea5t: Disclaimer (Tuy\u00ean b\u1ed1 mi\u1ec5n tr\u1eeb): 5tg88.org \u0111\u0103ng t\u1ea3i c\u00e1c n\u1ed9i dung nh\u1eb1m m\u1ee5c \u0111\u00edch tham kh\u1ea3o cho c\u00e1 nh\u00e2n tr\u00ean 18 tu\u1ed5i v\u00e0 kh\u00f4ng sinh s\u1ed1ng t\u1ea1i Vi\u1ec7t Nam. Trang web kh\u00f4ng tham&#8230;<\/p>\n","protected":false},"author":1,"featured_media":0,"parent":0,"menu_order":0,"comment_status":"closed","ping_status":"open","template":"page-right-sidebar.php","meta":{"footnotes":""},"class_list":["post-2","page","type-page","status-publish","hentry"],"_links":{"self":[{"href":"https:\/\/5tg88.org\/index.php?rest_route=\/wp\/v2\/pages\/2","targetHints":{"allow":["GET"]}}],"collection":[{"href":"https:\/\/5tg88.org\/index.php?rest_route=\/wp\/v2\/pages"}],"about":[{"href":"https:\/\/5tg88.org\/index.php?rest_route=\/wp\/v2\/types\/page"}],"author":[{"embeddable":true,"href":"https:\/\/5tg88.org\/index.php?rest_route=\/wp\/v2\/users\/1"}],"replies":[{"embeddable":true,"href":"https:\/\/5tg88.org\/index.php?rest_route=%2Fwp%2Fv2%2Fcomments&post=2"}],"version-history":[{"count":54,"href":"https:\/\/5tg88.org\/index.php?rest_route=\/wp\/v2\/pages\/2\/revisions"}],"predecessor-version":[{"id":633,"href":"https:\/\/5tg88.org\/index.php?rest_route=\/wp\/v2\/pages\/2\/revisions\/633"}],"wp:attachment":[{"href":"https:\/\/5tg88.org\/index.php?rest_route=%2Fwp%2Fv2%2Fmedia&parent=2"}],"curies":[{"name":"wp","href":"https:\/\/api.w.org\/{rel}","templated":true}]}}